the hundreds digit of 270951?
9
What is the ten thousands digit of 102822?
0
What is the tens digit of 573414?
1
What is the ten thousands digit of 46433?
4
What is the thousands digit of 121372?
1
What is the hundreds digit of 18368806?
8
What is the units digit of 74211?
1
What is the tens digit of 2133885?
8
What is the tens digit of 257557?
5
What is the units digit of 647235?
5
What is the units digit of 10857671?
1
What is the hundreds digit of 212582?
5
What is the hundred thousands digit of 224841?
2
What is the ten thousands digit of 693267?
9
What is the millions digit of 1289435?
1
What is the thousands digit of 24149998?
9
What is the thousands digit of 1615007?
5
What is the hundreds digit of 3687029?
0
What is the tens digit of 2668069?
6
What is the millions digit of 11346940?
1
What is the tens digit of 84160?
6
What is the units digit of 5091614?
4
What is the ten thousands digit of 238292?
3
What is the millions digit of 7897727?
7
What is the tens digit of 3758062?
6
What is the units digit of 3121341?
1
What is the hundred thousands digit of 845410?
8
What is the thousands digit of 733757?
3
What is the thousands digit of 59735?
9
What is the ten thousands digit of 20753?
2
What is the units digit of 1814836?
6
What is the hundred thousands digit of 211727?
2
What is the tens digit of 2508530?
3
What is the thousands digit of 811181?
1
What is the hundred thousands digit of 4191375?
1
What is the thousands digit of 4422348?
2
What is the hundred thousands digit of 189991?
1
What is the hundred thousands digit of 351031?
3
What is the tens digit of 6906837?
3
What is the hundred thousands digit of 8241381?
2
What is the tens digit of 18563004?
0
What is the tens digit of 14165807?
0
What is the ten thousands digit of 1027737?
2
What is the ten thousands digit of 22766333?
6
What is the thousands digit of 225760?
5
What is the hundred thousands digit of 1173401?
1
What is the ten thousands digit of 18545?
1
What is the units digit of 185363?
3
What is the units digit of 246675?
5
What is the ten thousands digit of 660695?
6
What is the thousands digit of 1596280?
6
What is the thousands digit of 148917?
8
What is the units digit of 95705?
5
What is the units digit of 409844?
4
What is the tens digit of 175116?
1
What is the hundred thousands digit of 1818498?
8
What is the units digit of 62070?
0
What is the thousands digit of 5145099?
5
What is the millions digit of 7459852?
7
What is the millions digit of 7087555?
7
What is the hundreds digit of 6964416?
4
What is the millions digit of 7029866?
7
What is the ten thousands digit of 302036?
0
What is the units digit of 62350?
0
What is the ten thousands digit of 128112?
2
What is the hundred thousands digit of 2426715?
4
What is the hundred thousands digit of 15686425?
6
What is the units digit of 1427206?
6
What is the ten thousands digit of 2544864?
4
What is the ten thousands digit of 29782?
2
What is the hundreds digit of 5878585?
5
What is the ten thousands digit of 12785447?
8
What is the units digit of 386391?
1
What is the thousands digit of 395221?
5
What is the ten thousands digit of 56405?
5
What is the millions digit of 1218005?
1
What is the tens digit of 430820?
2
What is the hundred thousands digit of 893819?
8
What is the hundreds digit of 4637759?
7
What is the hundreds digit of 17456591?
5
What is the hundred thousands digit of 218227?
2
What is the hundreds digit of 28571?
5
What is the tens digit of 958902?
0
What is the hundreds digit of 2245963?
9
What is the ten thousands digit of 1213909?
1
What is the hundreds digit of 51079?
0
What is the thousands digit of 191216?
1
What is the units digit of 926132?
2
What is the units digit of 2497982?
2
What is the tens digit of 1235677?
7
What is the thousands digit of 111502?
1
What is the hundred thousands digit of 186201?
1
What is the units digit of 5579346?
6
What is the tens digit of 6778?
7
What is the hundreds digit of 95366?
3
What is the units digit of 4856184?
4
What is the tens digit of 482603?
0
What is the units digit of 222656?
6
What is the ten thousands digit of 6130250?
3
What is the tens digit of 475545?
4
What is the hundred thousands digit of 5460045?
4
What is the hundreds digit of 39409?
4
What is the units digit of 1616033?
3
What is the tens digit of 2650243?
4
What is the tens digit of 3063329?
2
What is the hundred thousands digit of 204139?
2
What is the hundred thousands digit of 222547?
2
What is the hundred thousands digit of 192765?
1
What is the units digit of 1117296?
6
What is the thousands digit of 5011669?
1
What is the hundred thousands digit of 874774?
8
What is the hundreds digit of 3693245?
2
What is the tens digit of 573482?
8
What is the ten millions digit of 17946456?
1
What is the hundreds digit of 994989?
9
What is the hundreds digit of 18525144?
1
What is the millions digit of 1170465?
1
What is the ten thousands digit of 233841?
3
What is the tens digit of 2946864?
6
What is the thousands digit of 464243?
4
What is the hundreds digit of 20064119?
1
What is the hundred thousands digit of 989212?
9
What is the units digit of 3539204?
4
What is the tens digit of 17558210?
1
What is the tens digit of 876272?
7
What is the hundred thousands digit of 139997?
1
What is the units digit of 6357627?
7
What is the thousands digit of 91605?
1
What is the millions digit of 5913605?
5
What is the millions digit of 3073941?
3
What is the units digit of 4066058?
8
What is the hundred thousands digit of 9116827?
1
What is the thousands digit of 1584143?
4
What is the units digit of 5011967?
7
What is the tens digit of 834344?
4
What is the millions digit of 3782689?
3
What is the thousands digit of 31072193?
2
What is the thousands digit of 7181124?
1
What is the thousands digit of 1400671?
0
What is the hundreds digit of 427414?
4
What is the thousands digit of 113266?
3
What is the units digit of 119446?
6
What is the hundreds digit of 106784?
7
What is the hundred thousands digit of 234589?
2
What is the ten thousands digit of 1603575?
0
What is the hundred thousands digit of 862629?
8
What is the ten thousands digit of 122597?
2
What is the hundred thousands digit of 1646565?
6
What is the tens digit of 262688?
8
What is the ten thousands digit of 9686919?
8
What is the tens digit of 35448393?
9
What is the hundreds digit of 12738542?
5
What is the ten thousands digit of 865406?
6
What is the ten thousands digit of 379911?
7
What is the hundreds digit of 36126?
1
What is the thousands digit of 15967064?
7
What is the hundred thousands digit of 234965?
2
What is the millions digit of 3078032?
3
What is the tens digit of 556553?
5
What is the tens digit of 131760?
6
What is the hundreds digit of 60096?
0
What is the tens digit of 695138?
3
What is the tens digit of 8751148?
4
What is the ten thousands digit of 4899118?
9
What is the ten thousands digit of 4338858?
3
What is the thousands digit of 841392?
1
What is the thousands digit of 62154?
2
What is the ten thousands digit of 86877?
8
What is the thousands digit of 2140733?
0
What is the millions digit of 20278488?
0
What is the thousands digit of 1130940?
0
What is the hundred thousands digit of 259408?
2
What is the tens digit of 298932?
3
What is the millions digit of 15749335?
5
What is the tens digit of 99107?
0
What is the tens digit of 41290?
9
What is the ten thousands digit of 6181668?
8
What is the hundred thousands digit of 665781?
6
What is the hundred thousands digit of 1338516?
3
What is the hundred thousands digit of 921539?
9
What is the hundreds digit of 496724?
7
What is the ten thousands digit of 19725771?
2
What is the hundreds digit of 652886?
8
What is the thousands digit of 300644?
0
What is the ten thousands digit of 6456131?
5
What is the hundreds digit of 841023?
0
What is the thousands digit of 303420?
3
What is the hundred thousands digit of 227797?
2
What is the hundreds digit of 11112991?
9
What is the units digit of 22112816?
6
What is the hundred thousands digit of 683664?
6
What is the tens digit of 7960318?
1
What is the hundred thousands digit of 291625?
2
What is the units digit of 415027?
7
What is the ten thousands digit of 805279?
0
What is the hundred thousands digit of 2643045?
6
